Last updated on 2023-03-21 03:54:15 CET.
Flavor | Version | Tinstall | Tcheck | Ttotal | Status | Flags |
---|---|---|---|---|---|---|
r-devel-linux-x86_64-debian-clang | 1.3.0 | NOTE | ||||
r-devel-linux-x86_64-debian-gcc | 1.3.0 | 1.97 | 20.12 | 22.09 | NOTE | |
r-devel-linux-x86_64-fedora-clang | 1.3.0 | 36.08 | NOTE | |||
r-devel-linux-x86_64-fedora-gcc | 1.3.0 | 33.55 | NOTE | |||
r-devel-windows-x86_64 | 1.3.0 | 15.00 | 51.00 | 66.00 | NOTE | |
r-patched-linux-x86_64 | 1.3.0 | 2.39 | 26.01 | 28.40 | OK | |
r-release-linux-x86_64 | 1.3.0 | 2.36 | 25.96 | 28.32 | OK | |
r-release-macos-arm64 | 1.3.0 | 17.00 | OK | |||
r-release-macos-x86_64 | 1.3.0 | 25.00 | OK | |||
r-release-windows-x86_64 | 1.3.0 | 11.00 | 62.00 | 73.00 | OK | |
r-oldrel-macos-arm64 | 1.3.0 | 14.00 | OK | |||
r-oldrel-macos-x86_64 | 1.3.0 | 23.00 | OK | |||
r-oldrel-windows-ix86+x86_64 | 1.3.0 | 5.00 | 51.00 | 56.00 | OK |
Version: 1.3.0
Check: Rd files
Result: NOTE
checkRd: (-1) barcode.Rd:52: Escaped LaTeX specials: \&
Flavors: r-devel-linux-x86_64-debian-clang, r-devel-linux-x86_64-debian-gcc, r-devel-linux-x86_64-fedora-clang, r-devel-linux-x86_64-fedora-gcc, r-devel-windows-x86_64
Version: 1.3.0
Check: Rd cross-references
Result: NOTE
Undeclared package ‘YaleToolkit’ in Rd xrefs
Flavor: r-devel-linux-x86_64-fedora-clang