CRAN Package Check Results for Package basictabler

Last updated on 2022-08-09 04:51:16 CEST.

Flavor Version Tinstall Tcheck Ttotal Status Flags
r-devel-linux-x86_64-debian-clang 1.0.2 22.80 130.96 153.76 NOTE
r-devel-linux-x86_64-debian-gcc 1.0.2 17.96 94.51 112.47 NOTE
r-devel-linux-x86_64-fedora-clang 1.0.2 189.68 NOTE
r-devel-linux-x86_64-fedora-gcc 1.0.2 182.16 NOTE
r-devel-windows-x86_64 1.0.2 79.00 174.00 253.00 NOTE
r-patched-linux-x86_64 1.0.2 29.41 117.23 146.64 OK
r-release-linux-x86_64 1.0.2 OK
r-release-macos-arm64 1.0.2 54.00 OK
r-release-macos-x86_64 1.0.2 73.00 OK
r-release-windows-x86_64 1.0.2 73.00 182.00 255.00 OK
r-oldrel-macos-arm64 1.0.2 405.00 OK
r-oldrel-macos-x86_64 1.0.2 89.00 OK
r-oldrel-windows-ix86+x86_64 1.0.2 41.00 165.00 206.00 OK

Check Details

Version: 1.0.2
Check: package subdirectories
Result: NOTE
    Problems with news in 'NEWS.md':
     Cannot extract version info from the following section titles:
     Earlier versions
Flavors: r-devel-linux-x86_64-debian-clang, r-devel-linux-x86_64-debian-gcc, r-devel-linux-x86_64-fedora-clang, r-devel-linux-x86_64-fedora-gcc, r-devel-windows-x86_64