CRAN Package Check Results for Package bayesPO

Last updated on 2022-12-06 04:02:46 CET.

Flavor Version Tinstall Tcheck Ttotal Status Flags
r-devel-linux-x86_64-debian-clang 0.3.1 77.39 65.01 142.40 OK
r-devel-linux-x86_64-debian-gcc 0.3.1 69.68 51.46 121.14 OK
r-devel-linux-x86_64-fedora-clang 0.3.1 230.15 OK
r-devel-linux-x86_64-fedora-gcc 0.3.1 215.08 OK
r-devel-windows-x86_64 0.3.1 92.00 118.00 210.00 OK
r-patched-linux-x86_64 0.3.1 71.87 62.86 134.73 OK
r-release-linux-x86_64 0.3.1 78.16 63.75 141.91 OK
r-release-macos-arm64 0.3.1 66.00 NOTE
r-release-macos-x86_64 0.3.1 79.00 NOTE
r-release-windows-x86_64 0.3.1 82.00 121.00 203.00 OK
r-oldrel-macos-arm64 0.3.1 57.00 NOTE
r-oldrel-macos-x86_64 0.3.1 94.00 NOTE
r-oldrel-windows-ix86+x86_64 0.3.1 214.00 129.00 343.00 OK

Check Details

Version: 0.3.1
Check: installed package size
Result: NOTE
     installed size is 10.5Mb
     sub-directories of 1Mb or more:
     libs 9.9Mb
Flavors: r-release-macos-arm64, r-release-macos-x86_64, r-oldrel-macos-arm64, r-oldrel-macos-x86_64