Last updated on 2023-02-06 03:54:24 CET.
Flavor | Version | Tinstall | Tcheck | Ttotal | Status | Flags |
---|---|---|---|---|---|---|
r-devel-linux-x86_64-debian-clang | 0.0.4 | 124.14 | 82.25 | 206.39 | NOTE | |
r-devel-linux-x86_64-debian-gcc | 0.0.4 | 116.53 | 66.91 | 183.44 | NOTE | |
r-devel-linux-x86_64-fedora-clang | 0.0.4 | 272.89 | NOTE | |||
r-devel-linux-x86_64-fedora-gcc | 0.0.4 | 300.25 | NOTE | |||
r-devel-windows-x86_64 | 0.0.4 | 532.00 | 144.00 | 676.00 | NOTE | |
r-patched-linux-x86_64 | 0.0.4 | 111.43 | 86.47 | 197.90 | NOTE | |
r-release-linux-x86_64 | 0.0.4 | 110.96 | 88.30 | 199.26 | NOTE | |
r-release-macos-arm64 | 0.0.4 | 80.00 | NOTE | |||
r-release-macos-x86_64 | 0.0.4 | 123.00 | NOTE | |||
r-release-windows-x86_64 | 0.0.4 | 109.00 | 154.00 | 263.00 | NOTE | |
r-oldrel-macos-arm64 | 0.0.4 | 77.00 | NOTE | |||
r-oldrel-macos-x86_64 | 0.0.4 | 121.00 | NOTE | |||
r-oldrel-windows-ix86+x86_64 | 0.0.4 | 290.00 | 162.00 | 452.00 | NOTE |
Version: 0.0.4
Check: C++ specification
Result: NOTE
Specified C++14: please update to current default of C++17
Flavors: r-devel-linux-x86_64-debian-clang, r-devel-linux-x86_64-debian-gcc, r-devel-linux-x86_64-fedora-clang, r-devel-linux-x86_64-fedora-gcc, r-devel-windows-x86_64
Version: 0.0.4
Check: for GNU extensions in Makefiles
Result: NOTE
GNU make is a SystemRequirements.
Flavors: r-devel-linux-x86_64-debian-clang, r-devel-linux-x86_64-debian-gcc, r-devel-linux-x86_64-fedora-clang, r-devel-linux-x86_64-fedora-gcc, r-devel-windows-x86_64, r-patched-linux-x86_64, r-release-linux-x86_64, r-release-macos-arm64, r-release-macos-x86_64, r-release-windows-x86_64, r-oldrel-macos-arm64, r-oldrel-macos-x86_64, r-oldrel-windows-ix86+x86_64
Version: 0.0.4
Check: installed package size
Result: NOTE
installed size is 33.1Mb
sub-directories of 1Mb or more:
libs 32.9Mb
Flavors: r-release-macos-arm64, r-release-macos-x86_64, r-oldrel-macos-arm64, r-oldrel-macos-x86_64