Last updated on 2023-01-29 03:55:08 CET.
Flavor | Version | Tinstall | Tcheck | Ttotal | Status | Flags |
---|---|---|---|---|---|---|
r-devel-linux-x86_64-debian-clang | 1.0.1 | 226.18 | 61.39 | 287.57 | NOTE | |
r-devel-linux-x86_64-debian-gcc | 1.0.1 | 183.97 | 43.18 | 227.15 | NOTE | |
r-devel-linux-x86_64-fedora-clang | 1.0.1 | 442.28 | NOTE | |||
r-devel-linux-x86_64-fedora-gcc | 1.0.1 | 389.81 | NOTE | |||
r-devel-windows-x86_64 | 1.0.1 | 181.00 | 132.00 | 313.00 | NOTE | |
r-patched-linux-x86_64 | 1.0.1 | 204.97 | 54.28 | 259.25 | NOTE | |
r-release-linux-x86_64 | 1.0.1 | 185.03 | 56.46 | 241.49 | NOTE | |
r-release-macos-arm64 | 1.0.1 | 108.00 | NOTE | |||
r-release-macos-x86_64 | 1.0.1 | 140.00 | NOTE | |||
r-release-windows-x86_64 | 1.0.1 | 181.00 | 138.00 | 319.00 | NOTE | |
r-oldrel-macos-arm64 | 1.0.1 | 102.00 | NOTE | |||
r-oldrel-macos-x86_64 | 1.0.1 | 143.00 | NOTE | |||
r-oldrel-windows-ix86+x86_64 | 1.0.1 | 554.00 | 150.00 | 704.00 | NOTE |
Version: 1.0.1
Check: for GNU extensions in Makefiles
Result: NOTE
GNU make is a SystemRequirements.
Flavors: r-devel-linux-x86_64-debian-clang, r-devel-linux-x86_64-debian-gcc, r-devel-linux-x86_64-fedora-clang, r-devel-linux-x86_64-fedora-gcc, r-devel-windows-x86_64, r-patched-linux-x86_64, r-release-linux-x86_64, r-release-macos-arm64, r-release-macos-x86_64, r-release-windows-x86_64, r-oldrel-macos-arm64, r-oldrel-macos-x86_64, r-oldrel-windows-ix86+x86_64
Version: 1.0.1
Check: C++ specification
Result: NOTE
Specified C++11: please update to current default of C++17
Flavors: r-devel-linux-x86_64-debian-gcc, r-devel-linux-x86_64-fedora-gcc
Version: 1.0.1
Check: installed package size
Result: NOTE
installed size is 8.8Mb
sub-directories of 1Mb or more:
libs 8.6Mb
Flavors: r-release-macos-arm64, r-release-macos-x86_64, r-oldrel-macos-arm64, r-oldrel-macos-x86_64