Last updated on 2022-07-03 04:48:55 CEST.
Flavor | Version | Tinstall | Tcheck | Ttotal | Status | Flags |
---|---|---|---|---|---|---|
r-devel-linux-x86_64-debian-clang | 3.1-4 | 595.02 | 465.46 | 1060.48 | WARN | |
r-devel-linux-x86_64-debian-gcc | 3.1-4 | 507.88 | 326.98 | 834.86 | WARN | |
r-devel-linux-x86_64-fedora-clang | 3.1-4 | 1578.14 | WARN | |||
r-devel-linux-x86_64-fedora-gcc | 3.1-4 | 1415.23 | OK | |||
r-devel-windows-x86_64 | 3.1-4 | 454.00 | 550.00 | 1004.00 | NOTE | |
r-patched-linux-x86_64 | 3.1-4 | 540.91 | 427.87 | 968.78 | OK | |
r-release-linux-x86_64 | 3.1-4 | 521.47 | 417.01 | 938.48 | OK | |
r-release-macos-arm64 | 3.1-4 | 323.00 | NOTE | |||
r-release-macos-x86_64 | 3.1-4 | 603.00 | NOTE | |||
r-release-windows-x86_64 | 3.1-4 | 449.00 | 532.00 | 981.00 | NOTE | |
r-oldrel-macos-arm64 | 3.1-4 | 334.00 | NOTE | |||
r-oldrel-macos-x86_64 | 3.1-4 | 647.00 | NOTE | |||
r-oldrel-windows-ix86+x86_64 | 3.1-4 | 1527.00 | 623.00 | 2150.00 | NOTE |
Version: 3.1-4
Check: whether package can be installed
Result: WARN
Found the following significant warnings:
clusterMix_rcpp_loop.cpp:39:11: warning: use of bitwise '&' with boolean operands [-Wbitwise-instead-of-logical]
Flavors: r-devel-linux-x86_64-debian-clang, r-devel-linux-x86_64-fedora-clang
Version: 3.1-4
Check: whether package can be installed
Result: WARN
Found the following significant warnings:
/usr/include/x86_64-linux-gnu/bits/string_fortified.h:59:33: warning: ‘void* __builtin_memset(void*, int, long unsigned int)’ forming offset [112, 115] is out of the bounds [0, 112] of object ‘cbetaAllRow’ with type ‘arma::uvec’ {aka ‘arma::Col<unsigned int>’} [-Warray-bounds]
Flavor: r-devel-linux-x86_64-debian-gcc
Version: 3.1-4
Check: installed package size
Result: NOTE
installed size is 23.4Mb
sub-directories of 1Mb or more:
doc 2.9Mb
libs 18.9Mb
Flavors: r-devel-linux-x86_64-fedora-clang, r-devel-windows-x86_64, r-release-macos-arm64, r-release-macos-x86_64, r-release-windows-x86_64, r-oldrel-macos-arm64, r-oldrel-macos-x86_64, r-oldrel-windows-ix86+x86_64