CRAN Package Check Results for Package bayesmove

Last updated on 2022-12-08 04:06:24 CET.

Flavor Version Tinstall Tcheck Ttotal Status Flags
r-devel-linux-x86_64-debian-clang 0.2.1 50.04 141.88 191.92 OK
r-devel-linux-x86_64-debian-gcc 0.2.1 41.27 101.13 142.40 OK
r-devel-linux-x86_64-fedora-clang 0.2.1 266.51 OK
r-devel-linux-x86_64-fedora-gcc 0.2.1 255.25 OK
r-devel-windows-x86_64 0.2.1 82.00 196.00 278.00 OK
r-patched-linux-x86_64 0.2.1 48.51 129.32 177.83 OK
r-release-linux-x86_64 0.2.1 46.01 130.99 177.00 OK
r-release-macos-arm64 0.2.1 60.00 OK
r-release-macos-x86_64 0.2.1 122.00 OK
r-release-windows-x86_64 0.2.1 68.00 178.00 246.00 OK
r-oldrel-macos-arm64 0.2.1 63.00 OK
r-oldrel-macos-x86_64 0.2.1 77.00 OK
r-oldrel-windows-ix86+x86_64 0.2.1 66.00 18.00 84.00 ERROR

Check Details

Version: 0.2.1
Check: whether package can be installed
Result: ERROR
    Installation failed.
Flavor: r-oldrel-windows-ix86+x86_64