Last updated on 2022-08-12 04:53:17 CEST.
Flavor | Version | Tinstall | Tcheck | Ttotal | Status | Flags |
---|---|---|---|---|---|---|
r-devel-linux-x86_64-debian-clang | 1.0.0 | 53.31 | 267.38 | 320.69 | OK | |
r-devel-linux-x86_64-debian-gcc | 1.0.0 | 37.22 | 194.65 | 231.87 | OK | |
r-devel-linux-x86_64-fedora-clang | 1.0.0 | 388.39 | OK | |||
r-devel-linux-x86_64-fedora-gcc | 1.0.0 | 376.10 | OK | |||
r-devel-windows-x86_64 | 1.0.0 | 44.00 | 304.00 | 348.00 | OK | |
r-patched-linux-x86_64 | 1.0.0 | 43.71 | 250.64 | 294.35 | OK | |
r-release-linux-x86_64 | 1.0.0 | 39.21 | 248.79 | 288.00 | OK | |
r-release-macos-arm64 | 1.0.0 | 101.00 | OK | |||
r-release-macos-x86_64 | 1.0.0 | 144.00 | OK | |||
r-release-windows-x86_64 | 1.0.0 | 48.00 | 299.00 | 347.00 | OK | |
r-oldrel-macos-arm64 | 1.0.0 | 92.00 | OK | |||
r-oldrel-macos-x86_64 | 1.0.0 | 135.00 | OK | |||
r-oldrel-windows-ix86+x86_64 | 1.0.0 | 114.00 | 379.00 | 493.00 | NOTE |
Version: 1.0.0
Check: installed package size
Result: NOTE
installed size is 5.5Mb
sub-directories of 1Mb or more:
data 3.0Mb
libs 2.0Mb
Flavor: r-oldrel-windows-ix86+x86_64