CRAN Package Check Results for Package bdDwC

Last updated on 2022-12-06 04:02:46 CET.

Flavor Version Tinstall Tcheck Ttotal Status Flags
r-devel-linux-x86_64-debian-clang 0.1.15 6.48 52.39 58.87 NOTE
r-devel-linux-x86_64-debian-gcc 0.1.15 4.72 40.46 45.18 NOTE
r-devel-linux-x86_64-fedora-clang 0.1.15 88.37 NOTE
r-devel-linux-x86_64-fedora-gcc 0.1.15 79.98 NOTE
r-devel-windows-x86_64 0.1.15 15.00 78.00 93.00 NOTE
r-patched-linux-x86_64 0.1.15 4.60 50.94 55.54 NOTE
r-release-linux-x86_64 0.1.15 5.71 49.49 55.20 NOTE
r-release-macos-arm64 0.1.15 20.00 NOTE
r-release-macos-x86_64 0.1.15 43.00 NOTE
r-release-windows-x86_64 0.1.15 17.00 83.00 100.00 NOTE
r-oldrel-macos-arm64 0.1.15 31.00 NOTE
r-oldrel-macos-x86_64 0.1.15 42.00 NOTE
r-oldrel-windows-ix86+x86_64 0.1.15 16.00 81.00 97.00 NOTE

Check Details

Version: 0.1.15
Check: LazyData
Result: NOTE
     'LazyData' is specified without a 'data' directory
Flavors: r-devel-linux-x86_64-debian-clang, r-devel-linux-x86_64-debian-gcc, r-devel-linux-x86_64-fedora-clang, r-devel-linux-x86_64-fedora-gcc, r-devel-windows-x86_64, r-patched-linux-x86_64, r-release-linux-x86_64, r-release-macos-arm64, r-release-macos-x86_64, r-release-windows-x86_64, r-oldrel-macos-arm64, r-oldrel-macos-x86_64, r-oldrel-windows-ix86+x86_64