Last updated on 2023-12-02 03:57:34 CET.
Flavor | Version | Tinstall | Tcheck | Ttotal | Status | Flags |
---|---|---|---|---|---|---|
r-devel-linux-x86_64-debian-clang | 0.1.15 | 6.20 | 50.59 | 56.79 | NOTE | |
r-devel-linux-x86_64-debian-gcc | 0.1.15 | 4.52 | 39.59 | 44.11 | NOTE | |
r-devel-linux-x86_64-fedora-clang | 0.1.15 | 79.78 | NOTE | |||
r-devel-linux-x86_64-fedora-gcc | 0.1.15 | 67.35 | NOTE | |||
r-devel-windows-x86_64 | 0.1.15 | 7.00 | 59.00 | 66.00 | NOTE | |
r-patched-linux-x86_64 | 0.1.15 | 5.36 | 49.12 | 54.48 | NOTE | |
r-release-linux-x86_64 | 0.1.15 | 5.49 | 48.33 | 53.82 | NOTE | |
r-release-macos-arm64 | 0.1.15 | 25.00 | NOTE | |||
r-release-macos-x86_64 | 0.1.15 | 40.00 | NOTE | |||
r-release-windows-x86_64 | 0.1.15 | 8.00 | 65.00 | 73.00 | NOTE | |
r-oldrel-macos-arm64 | 0.1.15 | 20.00 | NOTE | |||
r-oldrel-macos-x86_64 | 0.1.15 | 43.00 | NOTE | |||
r-oldrel-windows-x86_64 | 0.1.15 | 10.00 | 70.00 | 80.00 | NOTE |
Version: 0.1.15
Check: LazyData
Result: NOTE
'LazyData' is specified without a 'data' directory
Flavors: r-devel-linux-x86_64-debian-clang, r-devel-linux-x86_64-debian-gcc, r-devel-linux-x86_64-fedora-clang, r-devel-linux-x86_64-fedora-gcc, r-devel-windows-x86_64, r-patched-linux-x86_64, r-release-linux-x86_64, r-release-macos-arm64, r-release-macos-x86_64, r-release-windows-x86_64, r-oldrel-macos-arm64, r-oldrel-macos-x86_64, r-oldrel-windows-x86_64