Last updated on 2023-02-03 03:55:42 CET.
Flavor | Version | Tinstall | Tcheck | Ttotal | Status | Flags |
---|---|---|---|---|---|---|
r-devel-linux-x86_64-debian-clang | 0.1.7 | 14.67 | 101.24 | 115.91 | OK | |
r-devel-linux-x86_64-debian-gcc | 0.1.7 | 10.40 | 76.35 | 86.75 | OK | |
r-devel-linux-x86_64-fedora-clang | 0.1.7 | 147.42 | NOTE | |||
r-devel-linux-x86_64-fedora-gcc | 0.1.7 | 151.45 | NOTE | |||
r-devel-windows-x86_64 | 0.1.7 | 70.00 | 142.00 | 212.00 | OK | |
r-patched-linux-x86_64 | 0.1.7 | 13.77 | 100.95 | 114.72 | OK | |
r-release-linux-x86_64 | 0.1.7 | 12.04 | 103.29 | 115.33 | OK | |
r-release-macos-arm64 | 0.1.7 | 44.00 | NOTE | |||
r-release-macos-x86_64 | 0.1.7 | 77.00 | NOTE | |||
r-release-windows-x86_64 | 0.1.7 | 58.00 | 151.00 | 209.00 | OK | |
r-oldrel-macos-arm64 | 0.1.7 | 53.00 | NOTE | |||
r-oldrel-macos-x86_64 | 0.1.7 | 59.00 | NOTE | |||
r-oldrel-windows-ix86+x86_64 | 0.1.7 | 41.00 | 142.00 | 183.00 | OK |
Version: 0.1.7
Check: data for non-ASCII characters
Result: NOTE
Note: found 72 marked UTF-8 strings
Flavors: r-devel-linux-x86_64-fedora-clang, r-devel-linux-x86_64-fedora-gcc, r-release-macos-arm64, r-release-macos-x86_64, r-oldrel-macos-arm64, r-oldrel-macos-x86_64