CRAN Package Check Results for Package bdclean

Last updated on 2023-02-05 03:53:39 CET.

Flavor Version Tinstall Tcheck Ttotal Status Flags
r-devel-linux-x86_64-debian-clang 0.1.15 12.63 97.21 109.84 NOTE
r-devel-linux-x86_64-debian-gcc 0.1.15 10.82 71.69 82.51 NOTE
r-devel-linux-x86_64-fedora-clang 0.1.15 143.02 NOTE
r-devel-linux-x86_64-fedora-gcc 0.1.15 129.03 NOTE
r-devel-windows-x86_64 0.1.15 29.00 126.00 155.00 NOTE
r-patched-linux-x86_64 0.1.15 12.50 95.55 108.05 NOTE
r-release-linux-x86_64 0.1.15 10.99 96.21 107.20 NOTE
r-release-macos-arm64 0.1.15 41.00 NOTE
r-release-macos-x86_64 0.1.15 68.00 NOTE
r-release-windows-x86_64 0.1.15 25.00 141.00 166.00 NOTE
r-oldrel-macos-arm64 0.1.15 51.00 NOTE
r-oldrel-macos-x86_64 0.1.15 78.00 NOTE
r-oldrel-windows-ix86+x86_64 0.1.15 35.00 142.00 177.00 NOTE

Check Details

Version: 0.1.15
Check: LazyData
Result: NOTE
     'LazyData' is specified without a 'data' directory
Flavors: r-devel-linux-x86_64-debian-clang, r-devel-linux-x86_64-debian-gcc, r-devel-linux-x86_64-fedora-clang, r-devel-linux-x86_64-fedora-gcc, r-devel-windows-x86_64, r-patched-linux-x86_64, r-release-linux-x86_64, r-release-macos-arm64, r-release-macos-x86_64, r-release-windows-x86_64, r-oldrel-macos-arm64, r-oldrel-macos-x86_64, r-oldrel-windows-ix86+x86_64

Version: 0.1.15
Check: dependencies in R code
Result: NOTE
    Namespace in Imports field not imported from: ‘DT’
     All declared Imports should be used.
Flavors: r-devel-linux-x86_64-fedora-clang, r-devel-linux-x86_64-fedora-gcc, r-release-macos-arm64, r-release-macos-x86_64, r-oldrel-macos-arm64, r-oldrel-macos-x86_64