CRAN Package Check Results for Package bestSDP

Last updated on 2022-12-10 03:57:25 CET.

Flavor Version Tinstall Tcheck Ttotal Status Flags
r-devel-linux-x86_64-debian-clang 0.1.2 3.61 36.03 39.64 NOTE
r-devel-linux-x86_64-debian-gcc 0.1.2 3.35 27.73 31.08 NOTE
r-devel-linux-x86_64-fedora-clang 0.1.2 63.27 NOTE
r-devel-linux-x86_64-fedora-gcc 0.1.2 57.95 NOTE
r-devel-windows-x86_64 0.1.2 12.00 61.00 73.00 NOTE
r-patched-linux-x86_64 0.1.2 3.56 34.05 37.61 NOTE
r-release-linux-x86_64 0.1.2 3.47 34.61 38.08 NOTE
r-release-macos-arm64 0.1.2 18.00 NOTE
r-release-macos-x86_64 0.1.2 39.00 NOTE
r-release-windows-x86_64 0.1.2 9.00 67.00 76.00 NOTE
r-oldrel-macos-arm64 0.1.2 23.00 NOTE
r-oldrel-macos-x86_64 0.1.2 33.00 NOTE
r-oldrel-windows-ix86+x86_64 0.1.2 12.00 64.00 76.00 NOTE

Check Details

Version: 0.1.2
Check: LazyData
Result: NOTE
     'LazyData' is specified without a 'data' directory
Flavors: r-devel-linux-x86_64-debian-clang, r-devel-linux-x86_64-debian-gcc, r-devel-linux-x86_64-fedora-clang, r-devel-linux-x86_64-fedora-gcc, r-devel-windows-x86_64, r-patched-linux-x86_64, r-release-linux-x86_64, r-release-macos-arm64, r-release-macos-x86_64, r-release-windows-x86_64, r-oldrel-macos-arm64, r-oldrel-macos-x86_64, r-oldrel-windows-ix86+x86_64

Version: 0.1.2
Check: dependencies in R code
Result: NOTE
    Namespaces in Imports field not imported from:
     ‘DT’ ‘dplyr’ ‘ggplot2’ ‘readxl’ ‘rlist’ ‘shinyBS’ ‘shinyWidgets’
     ‘shinydashboard’ ‘shinyjs’ ‘shinythemes’ ‘stringr’ ‘tidyr’
     All declared Imports should be used.
Flavors: r-devel-linux-x86_64-fedora-clang, r-devel-linux-x86_64-fedora-gcc, r-release-macos-arm64, r-release-macos-x86_64, r-oldrel-macos-arm64, r-oldrel-macos-x86_64