Last updated on 2022-08-07 04:50:38 CEST.
Flavor | Version | Tinstall | Tcheck | Ttotal | Status | Flags |
---|---|---|---|---|---|---|
r-devel-linux-x86_64-debian-clang | 1.0.7 | 346.84 | 94.78 | 441.62 | OK | |
r-devel-linux-x86_64-debian-gcc | 1.0.7 | 348.15 | 96.21 | 444.36 | OK | |
r-devel-linux-x86_64-fedora-clang | 1.0.7 | 662.07 | NOTE | |||
r-devel-linux-x86_64-fedora-gcc | 1.0.7 | 751.40 | OK | |||
r-devel-windows-x86_64 | 1.0.7 | 258.00 | 166.00 | 424.00 | OK | |
r-patched-linux-x86_64 | 1.0.7 | 400.44 | 119.99 | 520.43 | OK | |
r-release-linux-x86_64 | 1.0.7 | 366.43 | 121.18 | 487.61 | OK | |
r-release-macos-arm64 | 1.0.7 | 154.00 | NOTE | |||
r-release-macos-x86_64 | 1.0.7 | 197.00 | NOTE | |||
r-release-windows-x86_64 | 1.0.7 | 276.00 | 170.00 | 446.00 | OK | |
r-oldrel-macos-arm64 | 1.0.7 | 157.00 | NOTE | |||
r-oldrel-macos-x86_64 | 1.0.7 | 269.00 | NOTE | |||
r-oldrel-windows-ix86+x86_64 | 1.0.7 | 963.00 | 204.00 | 1167.00 | NOTE |
Version: 1.0.7
Check: installed package size
Result: NOTE
installed size is 59.7Mb
sub-directories of 1Mb or more:
data 2.7Mb
libs 56.4Mb
Flavors: r-devel-linux-x86_64-fedora-clang, r-release-macos-arm64, r-release-macos-x86_64, r-oldrel-macos-arm64, r-oldrel-macos-x86_64, r-oldrel-windows-ix86+x86_64