CRAN Package Check Results for Package biclustermd

Last updated on 2023-03-24 03:54:10 CET.

Flavor Version Tinstall Tcheck Ttotal Status Flags
r-devel-linux-x86_64-debian-clang 0.2.3 9.37 165.85 175.22 OK
r-devel-linux-x86_64-debian-gcc 0.2.3 7.08 120.71 127.79 OK
r-devel-linux-x86_64-fedora-clang 0.2.3 216.01 NOTE
r-devel-linux-x86_64-fedora-gcc 0.2.3 215.38 NOTE
r-devel-windows-x86_64 0.2.3 42.00 203.00 245.00 OK
r-patched-linux-x86_64 0.2.3 9.74 156.46 166.20 OK
r-release-linux-x86_64 0.2.3 10.50 154.52 165.02 OK
r-release-macos-arm64 0.2.3 60.00 NOTE
r-release-macos-x86_64 0.2.3 114.00 NOTE
r-release-windows-x86_64 0.2.3 60.00 209.00 269.00 OK
r-oldrel-macos-arm64 0.2.3 84.00 NOTE
r-oldrel-macos-x86_64 0.2.3 78.00 NOTE
r-oldrel-windows-ix86+x86_64 0.2.3 23.00 189.00 212.00 OK

Check Details

Version: 0.2.3
Check: dependencies in R code
Result: NOTE
    Namespace in Imports field not imported from: ‘nycflights13’
     All declared Imports should be used.
Flavors: r-devel-linux-x86_64-fedora-clang, r-devel-linux-x86_64-fedora-gcc, r-release-macos-arm64, r-release-macos-x86_64, r-oldrel-macos-arm64, r-oldrel-macos-x86_64