CRAN Package Check Results for Package binst

Last updated on 2024-02-24 03:52:29 CET.

Flavor Version Tinstall Tcheck Ttotal Status Flags
r-devel-linux-x86_64-debian-clang 0.2.1 1.88 24.64 26.52 NOTE
r-devel-linux-x86_64-debian-gcc 0.2.1 1.29 19.65 20.94 NOTE
r-devel-linux-x86_64-fedora-clang 0.2.1 33.91 NOTE
r-devel-linux-x86_64-fedora-gcc 0.2.1 35.77 NOTE
r-devel-windows-x86_64 0.2.1 3.00 42.00 45.00 NOTE
r-patched-linux-x86_64 0.2.1 2.44 24.98 27.42 NOTE
r-release-linux-x86_64 0.2.1 1.96 24.88 26.84 NOTE
r-release-macos-arm64 0.2.1 19.00 NOTE
r-release-macos-x86_64 0.2.1 22.00 NOTE
r-release-windows-x86_64 0.2.1 2.00 43.00 45.00 NOTE
r-oldrel-macos-arm64 0.2.1 19.00 NOTE
r-oldrel-windows-x86_64 0.2.1 4.00 48.00 52.00 NOTE

Check Details

Version: 0.2.1
Check: LazyData
Result: NOTE 'LazyData' is specified without a 'data' directory Flavors: r-devel-linux-x86_64-debian-clang, r-devel-linux-x86_64-debian-gcc, r-devel-linux-x86_64-fedora-clang, r-devel-linux-x86_64-fedora-gcc, r-devel-windows-x86_64, r-patched-linux-x86_64, r-release-linux-x86_64, r-release-macos-arm64, r-release-macos-x86_64, r-release-windows-x86_64, r-oldrel-macos-arm64, r-oldrel-windows-x86_64