CRAN Package Check Results for Package biostat3

Last updated on 2022-10-04 04:50:25 CEST.

Flavor Version Tinstall Tcheck Ttotal Status Flags
r-devel-linux-x86_64-debian-clang 0.1.6 8.95 75.47 84.42 OK
r-devel-linux-x86_64-debian-gcc 0.1.6 8.16 59.93 68.09 OK
r-devel-linux-x86_64-fedora-clang 0.1.6 118.78 NOTE
r-devel-linux-x86_64-fedora-gcc 0.1.6 116.84 OK
r-devel-windows-x86_64 0.1.6 57.00 109.00 166.00 NOTE
r-patched-linux-x86_64 0.1.6 12.29 73.98 86.27 OK
r-release-linux-x86_64 0.1.6 10.20 72.51 82.71 OK
r-release-macos-arm64 0.1.6 35.00 NOTE
r-release-macos-x86_64 0.1.6 45.00 NOTE
r-release-windows-x86_64 0.1.6 43.00 110.00 153.00 NOTE
r-oldrel-macos-arm64 0.1.6 36.00 NOTE
r-oldrel-macos-x86_64 0.1.6 48.00 NOTE
r-oldrel-windows-ix86+x86_64 0.1.6 19.00 105.00 124.00 NOTE

Check Details

Version: 0.1.6
Check: installed package size
Result: NOTE
     installed size is 6.1Mb
     sub-directories of 1Mb or more:
     doc 5.5Mb
Flavors: r-devel-linux-x86_64-fedora-clang, r-devel-windows-x86_64, r-release-macos-arm64, r-release-macos-x86_64, r-release-windows-x86_64, r-oldrel-macos-arm64, r-oldrel-macos-x86_64, r-oldrel-windows-ix86+x86_64