CRAN Package Check Results for Package biscale

Last updated on 2022-12-05 03:54:55 CET.

Flavor Version Tinstall Tcheck Ttotal Status Flags
r-devel-linux-x86_64-debian-clang 1.0.0 3.50 47.84 51.34 OK
r-devel-linux-x86_64-debian-gcc 1.0.0 2.46 37.90 40.36 OK
r-devel-linux-x86_64-fedora-clang 1.0.0 75.01 NOTE
r-devel-linux-x86_64-fedora-gcc 1.0.0 71.87 NOTE
r-devel-windows-x86_64 1.0.0 29.00 82.00 111.00 OK
r-patched-linux-x86_64 1.0.0 7.66 45.95 53.61 OK
r-release-linux-x86_64 1.0.0 3.51 43.30 46.81 OK
r-release-macos-arm64 1.0.0 26.00 NOTE
r-release-macos-x86_64 1.0.0 33.00 NOTE
r-release-windows-x86_64 1.0.0 25.00 90.00 115.00 OK
r-oldrel-macos-arm64 1.0.0 26.00 NOTE
r-oldrel-macos-x86_64 1.0.0 36.00 NOTE
r-oldrel-windows-ix86+x86_64 1.0.0 8.00 77.00 85.00 OK

Check Details

Version: 1.0.0
Check: dependencies in R code
Result: NOTE
    Namespaces in Imports field not imported from:
     ‘stats’ ‘utils’
     All declared Imports should be used.
Flavors: r-devel-linux-x86_64-fedora-clang, r-devel-linux-x86_64-fedora-gcc, r-release-macos-arm64, r-release-macos-x86_64, r-oldrel-macos-arm64, r-oldrel-macos-x86_64