CRAN Package Check Results for Package blockmodels

Last updated on 2022-09-25 04:52:51 CEST.

Flavor Version Tinstall Tcheck Ttotal Status Flags
r-devel-linux-x86_64-debian-clang 1.1.5 102.05 65.21 167.26 OK
r-devel-linux-x86_64-debian-gcc 1.1.5 79.59 48.96 128.55 OK
r-devel-linux-x86_64-fedora-clang 1.1.5 229.71 OK
r-devel-linux-x86_64-fedora-gcc 1.1.5 221.73 OK
r-devel-windows-x86_64 1.1.5 108.00 125.00 233.00 OK
r-patched-linux-x86_64 1.1.5 79.45 62.11 141.56 OK
r-release-linux-x86_64 1.1.5 75.39 61.59 136.98 OK
r-release-macos-arm64 1.1.5 57.00 NOTE
r-release-macos-x86_64 1.1.5 83.00 NOTE
r-release-windows-x86_64 1.1.5 109.00 116.00 225.00 OK
r-oldrel-macos-arm64 1.1.5 321.00 NOTE
r-oldrel-macos-x86_64 1.1.5 78.00 NOTE
r-oldrel-windows-ix86+x86_64 1.1.5 213.00 127.00 340.00 NOTE

Check Details

Version: 1.1.5
Check: installed package size
Result: NOTE
     installed size is 13.8Mb
     sub-directories of 1Mb or more:
     libs 13.3Mb
Flavors: r-release-macos-arm64, r-release-macos-x86_64, r-oldrel-macos-arm64, r-oldrel-macos-x86_64, r-oldrel-windows-ix86+x86_64