Last updated on 2023-12-09 04:01:47 CET.
Flavor | Version | Tinstall | Tcheck | Ttotal | Status | Flags |
---|---|---|---|---|---|---|
r-devel-linux-x86_64-debian-clang | 0.1.0 | 888.41 | 179.73 | 1068.14 | NOTE | |
r-devel-linux-x86_64-debian-gcc | 0.1.0 | 734.81 | 174.53 | 909.34 | NOTE | |
r-devel-linux-x86_64-fedora-clang | 0.1.0 | 1324.51 | NOTE | |||
r-devel-linux-x86_64-fedora-gcc | 0.1.0 | 1782.18 | NOTE | |||
r-devel-windows-x86_64 | 0.1.0 | 642.00 | 194.00 | 836.00 | NOTE | |
r-patched-linux-x86_64 | 0.1.0 | 610.24 | 230.58 | 840.82 | NOTE | |
r-release-linux-x86_64 | 0.1.0 | 701.23 | 223.71 | 924.94 | NOTE | |
r-release-macos-arm64 | 0.1.0 | 362.00 | NOTE | |||
r-release-macos-x86_64 | 0.1.0 | 548.00 | NOTE | |||
r-release-windows-x86_64 | 0.1.0 | 813.00 | 250.00 | 1063.00 | NOTE | |
r-oldrel-macos-arm64 | 0.1.0 | 314.00 | NOTE | |||
r-oldrel-macos-x86_64 | 0.1.0 | 559.00 | NOTE | |||
r-oldrel-windows-x86_64 | 0.1.0 | 783.00 | 231.00 | 1014.00 | NOTE |
Version: 0.1.0
Check: for GNU extensions in Makefiles
Result: NOTE
GNU make is a SystemRequirements.
Flavors: r-devel-linux-x86_64-debian-clang, r-devel-linux-x86_64-debian-gcc, r-devel-linux-x86_64-fedora-clang, r-devel-linux-x86_64-fedora-gcc, r-devel-windows-x86_64, r-patched-linux-x86_64, r-release-linux-x86_64, r-release-macos-arm64, r-release-macos-x86_64, r-release-windows-x86_64, r-oldrel-macos-arm64, r-oldrel-macos-x86_64, r-oldrel-windows-x86_64
Version: 0.1.0
Check: installed package size
Result: NOTE
installed size is 8.4Mb
sub-directories of 1Mb or more:
libs 7.8Mb
Flavors: r-devel-linux-x86_64-fedora-clang, r-devel-windows-x86_64, r-release-macos-arm64, r-release-macos-x86_64, r-release-windows-x86_64, r-oldrel-macos-arm64, r-oldrel-macos-x86_64, r-oldrel-windows-x86_64
Version: 0.1.0
Check: dependencies in R code
Result: NOTE
Namespaces in Imports field not imported from:
‘RcppParallel’ ‘rstantools’
All declared Imports should be used.
Flavors: r-devel-linux-x86_64-fedora-clang, r-devel-linux-x86_64-fedora-gcc, r-oldrel-macos-arm64, r-oldrel-macos-x86_64