CRAN Package Check Results for Package boxr

Last updated on 2022-12-08 04:06:25 CET.

Flavor Version Tinstall Tcheck Ttotal Status Flags
r-devel-linux-x86_64-debian-clang 0.3.6 7.84 73.27 81.11 OK
r-devel-linux-x86_64-debian-gcc 0.3.6 6.17 54.53 60.70 OK
r-devel-linux-x86_64-fedora-clang 0.3.6 110.57 NOTE
r-devel-linux-x86_64-fedora-gcc 0.3.6 120.80 OK
r-devel-windows-x86_64 0.3.6 43.00 116.00 159.00 OK
r-patched-linux-x86_64 0.3.6 14.40 65.61 80.01 OK
r-release-linux-x86_64 0.3.6 4.57 61.57 66.14 OK
r-release-macos-arm64 0.3.6 32.00 OK
r-release-macos-x86_64 0.3.6 51.00 OK
r-release-windows-x86_64 0.3.6 54.00 99.00 153.00 OK
r-oldrel-macos-arm64 0.3.6 35.00 OK
r-oldrel-macos-x86_64 0.3.6 44.00 OK
r-oldrel-windows-ix86+x86_64 0.3.6 16.00 87.00 103.00 OK

Check Details

Version: 0.3.6
Check: Rd cross-references
Result: NOTE
    Undeclared packages ‘data.table’, ‘readxl’, ‘openxlsx’ in Rd xrefs
Flavor: r-devel-linux-x86_64-fedora-clang