CRAN Package Check Results for Package bpnreg

Last updated on 2022-12-10 03:57:25 CET.

Flavor Version Tinstall Tcheck Ttotal Status Flags
r-devel-linux-x86_64-debian-clang 2.0.2 94.66 91.38 186.04 OK
r-devel-linux-x86_64-debian-gcc 2.0.2 71.81 70.15 141.96 OK
r-devel-linux-x86_64-fedora-clang 2.0.2 250.11 OK
r-devel-linux-x86_64-fedora-gcc 2.0.2 251.85 OK
r-devel-windows-x86_64 2.0.2 98.00 174.00 272.00 OK
r-patched-linux-x86_64 2.0.2 57.33 70.23 127.56 OK
r-release-linux-x86_64 2.0.2 52.27 70.68 122.95 OK
r-release-macos-arm64 2.0.2 53.00 NOTE
r-release-macos-x86_64 2.0.2 93.00 NOTE
r-release-windows-x86_64 2.0.2 83.00 132.00 215.00 OK
r-oldrel-macos-arm64 2.0.2 58.00 NOTE
r-oldrel-macos-x86_64 2.0.2 74.00 NOTE
r-oldrel-windows-ix86+x86_64 2.0.2 225.00 129.00 354.00 OK

Check Details

Version: 2.0.2
Check: installed package size
Result: NOTE
     installed size is 5.1Mb
     sub-directories of 1Mb or more:
     libs 4.7Mb
Flavors: r-release-macos-arm64, r-release-macos-x86_64, r-oldrel-macos-arm64, r-oldrel-macos-x86_64