Last updated on 2022-08-13 04:57:43 CEST.
Flavor | Version | Tinstall | Tcheck | Ttotal | Status | Flags |
---|---|---|---|---|---|---|
r-devel-linux-x86_64-debian-clang | 3.0.0 | 30.51 | 158.44 | 188.95 | NOTE | |
r-devel-linux-x86_64-debian-gcc | 3.0.0 | 24.99 | 114.87 | 139.86 | NOTE | |
r-devel-linux-x86_64-fedora-clang | 3.0.0 | 243.58 | NOTE | |||
r-devel-linux-x86_64-fedora-gcc | 3.0.0 | 240.69 | NOTE | |||
r-devel-windows-x86_64 | 3.0.0 | 146.00 | 165.00 | 311.00 | OK | |
r-patched-linux-x86_64 | 3.0.0 | 31.78 | 142.66 | 174.44 | NOTE | |
r-release-linux-x86_64 | 3.0.0 | 31.68 | 142.42 | 174.10 | NOTE | |
r-release-macos-arm64 | 3.0.0 | 59.00 | NOTE | |||
r-release-macos-x86_64 | 3.0.0 | 78.00 | NOTE | |||
r-release-windows-x86_64 | 3.0.0 | 54.00 | 171.00 | 225.00 | OK | |
r-oldrel-macos-arm64 | 3.0.0 | 66.00 | NOTE | |||
r-oldrel-macos-x86_64 | 3.0.0 | 100.00 | OK | |||
r-oldrel-windows-ix86+x86_64 | 3.0.0 | 49.00 | 164.00 | 213.00 | OK |
Version: 3.0.0
Check: package dependencies
Result: NOTE
Packages suggested but not available for checking: 'RGtk2', 'cairoDevice'
Flavors: r-devel-linux-x86_64-debian-clang, r-devel-linux-x86_64-debian-gcc, r-devel-linux-x86_64-fedora-clang, r-devel-linux-x86_64-fedora-gcc, r-patched-linux-x86_64, r-release-linux-x86_64, r-release-macos-arm64, r-release-macos-x86_64, r-oldrel-macos-arm64