CRAN Package Check Results for Package brainR

Last updated on 2024-05-20 04:55:12 CEST.

Flavor Version Tinstall Tcheck Ttotal Status Flags
r-devel-linux-x86_64-debian-clang 1.6.0 11.10 79.78 90.88 NOTE
r-devel-linux-x86_64-debian-gcc 1.6.0 7.04 58.50 65.54 NOTE
r-devel-linux-x86_64-fedora-clang 1.6.0 121.88 NOTE
r-devel-linux-x86_64-fedora-gcc 1.6.0 171.32 NOTE
r-devel-windows-x86_64 1.6.0 8.00 64.00 72.00 NOTE
r-patched-linux-x86_64 1.6.0 14.85 76.56 91.41 NOTE
r-release-linux-x86_64 1.6.0 10.99 75.34 86.33 NOTE
r-release-macos-arm64 1.6.0 47.00 NOTE
r-release-windows-x86_64 1.6.0 9.00 67.00 76.00 NOTE
r-oldrel-macos-arm64 1.6.0 31.00 NOTE
r-oldrel-macos-x86_64 1.6.0 54.00 NOTE
r-oldrel-windows-x86_64 1.6.0 10.00 73.00 83.00 NOTE

Check Details

Version: 1.6.0
Check: LazyData
Result: NOTE 'LazyData' is specified without a 'data' directory Flavors: r-devel-linux-x86_64-debian-clang, r-devel-linux-x86_64-debian-gcc, r-devel-linux-x86_64-fedora-clang, r-devel-linux-x86_64-fedora-gcc, r-devel-windows-x86_64, r-patched-linux-x86_64, r-release-linux-x86_64, r-release-macos-arm64, r-release-windows-x86_64, r-oldrel-macos-arm64, r-oldrel-macos-x86_64, r-oldrel-windows-x86_64