CRAN Package Check Results for Package briqr

Last updated on 2022-12-02 04:00:04 CET.

Flavor Version Tinstall Tcheck Ttotal Status Flags
r-devel-linux-x86_64-debian-clang 0.1.0 1.68 24.93 26.61 NOTE
r-devel-linux-x86_64-debian-gcc 0.1.0 1.72 19.84 21.56 NOTE
r-devel-linux-x86_64-fedora-clang 0.1.0 47.43 NOTE
r-devel-linux-x86_64-fedora-gcc 0.1.0 43.32 NOTE
r-devel-windows-x86_64 0.1.0 16.00 52.00 68.00 NOTE
r-patched-linux-x86_64 0.1.0 2.00 24.42 26.42 NOTE
r-release-linux-x86_64 0.1.0 2.05 24.96 27.01 NOTE
r-release-macos-arm64 0.1.0 16.00 NOTE
r-release-macos-x86_64 0.1.0 27.00 NOTE
r-release-windows-x86_64 0.1.0 16.00 54.00 70.00 NOTE
r-oldrel-macos-arm64 0.1.0 20.00 NOTE
r-oldrel-macos-x86_64 0.1.0 26.00 NOTE
r-oldrel-windows-ix86+x86_64 0.1.0 6.00 49.00 55.00 NOTE

Check Details

Version: 0.1.0
Check: LazyData
Result: NOTE
     'LazyData' is specified without a 'data' directory
Flavors: r-devel-linux-x86_64-debian-clang, r-devel-linux-x86_64-debian-gcc, r-devel-linux-x86_64-fedora-clang, r-devel-linux-x86_64-fedora-gcc, r-devel-windows-x86_64, r-patched-linux-x86_64, r-release-linux-x86_64, r-release-macos-arm64, r-release-macos-x86_64, r-release-windows-x86_64, r-oldrel-macos-arm64, r-oldrel-macos-x86_64, r-oldrel-windows-ix86+x86_64