CRAN Package Check Results for Package brokenstick

Last updated on 2022-08-11 04:52:28 CEST.

Flavor Version Tinstall Tcheck Ttotal Status Flags
r-devel-linux-x86_64-debian-clang 2.1.0 16.75 296.08 312.83 NOTE
r-devel-linux-x86_64-debian-gcc 2.1.0 12.41 200.70 213.11 NOTE
r-devel-linux-x86_64-fedora-clang 2.1.0 379.90 OK
r-devel-linux-x86_64-fedora-gcc 2.1.0 380.98 OK
r-devel-windows-x86_64 2.1.0 28.00 315.00 343.00 OK
r-patched-linux-x86_64 2.1.0 14.79 274.30 289.09 OK
r-release-linux-x86_64 2.1.0 OK
r-release-macos-arm64 2.1.0 104.00 OK
r-release-macos-x86_64 2.1.0 152.00 OK
r-release-windows-x86_64 2.1.0 65.00 312.00 377.00 OK
r-oldrel-macos-arm64 2.1.0 93.00 OK
r-oldrel-macos-x86_64 2.1.0 121.00 OK
r-oldrel-windows-ix86+x86_64 2.1.0 30.00 304.00 334.00 OK

Check Details

Version: 2.1.0
Check: HTML version of manual
Result: NOTE
    Found the following HTML validation problems:
    fit_200.html:38:60: Warning: inserting implicit <p>
    fit_200.html:38:60: Warning: trimming empty <p>
    fit_200_light.html:37:61: Warning: inserting implicit <p>
    fit_200_light.html:37:61: Warning: trimming empty <p>
Flavors: r-devel-linux-x86_64-debian-clang, r-devel-linux-x86_64-debian-gcc