CRAN Package Check Results for Package bsplus

Last updated on 2022-10-07 04:55:46 CEST.

Flavor Version Tinstall Tcheck Ttotal Status Flags
r-devel-linux-x86_64-debian-clang 0.1.3 3.99 41.06 45.05 OK
r-devel-linux-x86_64-debian-gcc 0.1.3 3.22 31.75 34.97 OK
r-devel-linux-x86_64-fedora-clang 0.1.3 70.35 NOTE
r-devel-linux-x86_64-fedora-gcc 0.1.3 63.32 NOTE
r-devel-windows-x86_64 0.1.3 26.00 73.00 99.00 OK
r-patched-linux-x86_64 0.1.3 4.22 39.40 43.62 OK
r-release-linux-x86_64 0.1.3 4.26 38.46 42.72 OK
r-release-macos-arm64 0.1.3 22.00 NOTE
r-release-macos-x86_64 0.1.3 29.00 NOTE
r-release-windows-x86_64 0.1.3 26.00 65.00 91.00 OK
r-oldrel-macos-arm64 0.1.3 21.00 NOTE
r-oldrel-macos-x86_64 0.1.3 31.00 NOTE
r-oldrel-windows-ix86+x86_64 0.1.3 10.00 65.00 75.00 OK

Check Details

Version: 0.1.3
Check: dependencies in R code
Result: NOTE
    Namespace in Imports field not imported from: ‘methods’
     All declared Imports should be used.
Flavors: r-devel-linux-x86_64-fedora-clang, r-devel-linux-x86_64-fedora-gcc, r-release-macos-arm64, r-release-macos-x86_64, r-oldrel-macos-arm64, r-oldrel-macos-x86_64