CRAN Package Check Results for Package bsreg

Last updated on 2024-02-24 03:52:29 CET.

Flavor Version Tinstall Tcheck Ttotal Status Flags
r-devel-linux-x86_64-debian-clang 0.0.2 13.08 30.23 43.31 OK
r-devel-linux-x86_64-debian-gcc 0.0.2 7.37 23.49 30.86 OK
r-devel-linux-x86_64-fedora-clang 0.0.2 52.07 NOTE
r-devel-linux-x86_64-fedora-gcc 0.0.2 50.28 NOTE
r-devel-windows-x86_64 0.0.2 10.00 45.00 55.00 OK
r-patched-linux-x86_64 0.0.2 10.75 29.73 40.48 OK
r-release-linux-x86_64 0.0.2 12.41 29.77 42.18 OK
r-release-macos-arm64 0.0.2 20.00 OK
r-release-macos-x86_64 0.0.2 30.00 OK
r-release-windows-x86_64 0.0.2 12.00 45.00 57.00 OK
r-oldrel-macos-arm64 0.0.2 20.00 OK
r-oldrel-windows-x86_64 0.0.2 12.00 47.00 59.00 OK

Check Details

Version: 0.0.2
Check: dependencies in R code
Result: NOTE Namespaces in Imports field not imported from: ‘Matrix’ ‘grDevices’ ‘graphics’ All declared Imports should be used. Flavors: r-devel-linux-x86_64-fedora-clang, r-devel-linux-x86_64-fedora-gcc