CRAN Package Check Results for Package bsts

Last updated on 2022-09-25 04:52:52 CEST.

Flavor Version Tinstall Tcheck Ttotal Status Flags
r-devel-linux-x86_64-debian-clang 0.9.8 112.49 318.69 431.18 OK
r-devel-linux-x86_64-debian-gcc 0.9.8 104.45 226.88 331.33 OK
r-devel-linux-x86_64-fedora-clang 0.9.8 536.05 NOTE
r-devel-linux-x86_64-fedora-gcc 0.9.8 557.29 OK
r-devel-windows-x86_64 0.9.8 129.00 469.00 598.00 NOTE
r-patched-linux-x86_64 0.9.8 119.70 314.20 433.90 OK
r-release-linux-x86_64 0.9.8 104.92 308.52 413.44 OK
r-release-macos-arm64 0.9.8 138.00 NOTE
r-release-macos-x86_64 0.9.8 212.00 NOTE
r-release-windows-x86_64 0.9.8 129.00 458.00 587.00 NOTE
r-oldrel-macos-arm64 0.9.8 130.00 NOTE
r-oldrel-macos-x86_64 0.9.8 202.00 NOTE
r-oldrel-windows-ix86+x86_64 0.9.8 262.00 725.00 987.00 NOTE

Additional issues

clang-ASAN

Check Details

Version: 0.9.8
Check: installed package size
Result: NOTE
     installed size is 9.4Mb
     sub-directories of 1Mb or more:
     libs 8.5Mb
Flavors: r-devel-linux-x86_64-fedora-clang, r-devel-windows-x86_64, r-release-macos-arm64, r-release-macos-x86_64, r-release-windows-x86_64, r-oldrel-macos-arm64, r-oldrel-macos-x86_64, r-oldrel-windows-ix86+x86_64