CRAN Package Check Results for Package caTools

Last updated on 2022-10-06 04:51:21 CEST.

Flavor Version Tinstall Tcheck Ttotal Status Flags
r-devel-linux-x86_64-debian-clang 1.18.2 7.02 41.48 48.50 OK
r-devel-linux-x86_64-debian-gcc 1.18.2 4.99 31.31 36.30 OK
r-devel-linux-x86_64-fedora-clang 1.18.2 71.81 NOTE
r-devel-linux-x86_64-fedora-gcc 1.18.2 66.13 OK
r-devel-windows-x86_64 1.18.2 191.00 70.00 261.00 OK
r-patched-linux-x86_64 1.18.2 7.16 36.95 44.11 OK
r-release-linux-x86_64 1.18.2 6.66 36.84 43.50 OK
r-release-macos-arm64 1.18.2 25.00 OK
r-release-macos-x86_64 1.18.2 32.00 OK
r-release-windows-x86_64 1.18.2 18.00 70.00 88.00 OK
r-oldrel-macos-arm64 1.18.2 34.00 OK
r-oldrel-macos-x86_64 1.18.2 48.00 OK
r-oldrel-windows-ix86+x86_64 1.18.2 16.00 83.00 99.00 OK

Check Details

Version: 1.18.2
Check: Rd cross-references
Result: NOTE
    Undeclared packages ‘pixmap’, ‘XML’, ‘exactRankTests’, ‘coin’, ‘ROCR’, ‘Epi’, ‘verification’, ‘Hmisc’, ‘gtools’, ‘magic’, ‘zoo’ in Rd xrefs
Flavor: r-devel-linux-x86_64-fedora-clang