CRAN Package Check Results for Package candisc

Last updated on 2022-11-26 03:58:03 CET.

Flavor Version Tinstall Tcheck Ttotal Status Flags
r-devel-linux-x86_64-debian-clang 0.8-6 6.95 82.36 89.31 OK
r-devel-linux-x86_64-debian-gcc 0.8-6 6.55 60.74 67.29 OK
r-devel-linux-x86_64-fedora-clang 0.8-6 121.32 NOTE
r-devel-linux-x86_64-fedora-gcc 0.8-6 114.46 OK
r-devel-windows-x86_64 0.8-6 30.00 119.00 149.00 OK
r-patched-linux-x86_64 0.8-6 OK
r-release-linux-x86_64 0.8-6 6.13 76.21 82.34 OK
r-release-macos-arm64 0.8-6 25.00 OK
r-release-macos-x86_64 0.8-6 45.00 OK
r-release-windows-x86_64 0.8-6 27.00 121.00 148.00 OK
r-oldrel-macos-arm64 0.8-6 39.00 OK
r-oldrel-macos-x86_64 0.8-6 46.00 OK
r-oldrel-windows-ix86+x86_64 0.8-6 19.00 101.00 120.00 OK

Check Details

Version: 0.8-6
Check: Rd cross-references
Result: NOTE
    Undeclared packages ‘yacca’, ‘CCA’ in Rd xrefs
Flavor: r-devel-linux-x86_64-fedora-clang