CRAN Package Check Results for Package caper

Last updated on 2022-09-29 04:58:10 CEST.

Flavor Version Tinstall Tcheck Ttotal Status Flags
r-devel-linux-x86_64-debian-clang 1.0.1 7.22 120.63 127.85 NOTE
r-devel-linux-x86_64-debian-gcc 1.0.1 6.34 90.31 96.65 NOTE
r-devel-linux-x86_64-fedora-clang 1.0.1 175.36 NOTE
r-devel-linux-x86_64-fedora-gcc 1.0.1 164.00 NOTE
r-devel-windows-x86_64 1.0.1 28.00 180.00 208.00 NOTE
r-patched-linux-x86_64 1.0.1 12.04 117.01 129.05 OK
r-release-linux-x86_64 1.0.1 6.74 115.05 121.79 OK
r-release-macos-arm64 1.0.1 52.00 OK
r-release-macos-x86_64 1.0.1 86.00 OK
r-release-windows-x86_64 1.0.1 27.00 186.00 213.00 OK
r-oldrel-macos-arm64 1.0.1 60.00 OK
r-oldrel-macos-x86_64 1.0.1 125.00 OK
r-oldrel-windows-ix86+x86_64 1.0.1 14.00 148.00 162.00 OK

Check Details

Version: 1.0.1
Check: Rd files
Result: NOTE
    checkRd: (-1) caic-class.Rd:14: Escaped LaTeX specials: \$ \$
    checkRd: (-1) caic-class.Rd:15: Escaped LaTeX specials: \$ \$
Flavors: r-devel-linux-x86_64-debian-clang, r-devel-linux-x86_64-debian-gcc, r-devel-linux-x86_64-fedora-clang, r-devel-linux-x86_64-fedora-gcc, r-devel-windows-x86_64