Last updated on 2022-08-12 04:53:19 CEST.
Flavor | Version | Tinstall | Tcheck | Ttotal | Status | Flags |
---|---|---|---|---|---|---|
r-devel-linux-x86_64-debian-clang | 3.0.1 | 27.86 | 259.58 | 287.44 | OK | |
r-devel-linux-x86_64-debian-gcc | 3.0.1 | 20.60 | 195.85 | 216.45 | OK | |
r-devel-linux-x86_64-fedora-clang | 3.0.1 | 359.38 | OK | |||
r-devel-linux-x86_64-fedora-gcc | 3.0.1 | 366.22 | OK | |||
r-devel-windows-x86_64 | 3.0.1 | 97.00 | 323.00 | 420.00 | OK | |
r-patched-linux-x86_64 | 3.0.1 | 30.05 | 251.73 | 281.78 | OK | |
r-release-linux-x86_64 | 3.0.1 | 23.22 | 247.95 | 271.17 | OK | |
r-release-macos-arm64 | 3.0.1 | 90.00 | OK | |||
r-release-macos-x86_64 | 3.0.1 | 157.00 | OK | |||
r-release-windows-x86_64 | 3.0.1 | 97.00 | 324.00 | 421.00 | OK | |
r-oldrel-macos-arm64 | 3.0.1 | 137.00 | OK | |||
r-oldrel-macos-x86_64 | 3.0.1 | 138.00 | OK | |||
r-oldrel-windows-ix86+x86_64 | 3.0.1 | 60.00 | 593.00 | 653.00 | NOTE |
Version: 3.0.1
Check: installed package size
Result: NOTE
installed size is 5.3Mb
sub-directories of 1Mb or more:
data 1.2Mb
doc 1.1Mb
libs 2.0Mb
Flavor: r-oldrel-windows-ix86+x86_64