Last updated on 2023-12-10 03:59:50 CET.
Flavor | Version | Tinstall | Tcheck | Ttotal | Status | Flags |
---|---|---|---|---|---|---|
r-devel-linux-x86_64-debian-clang | 1.7.11 | 151.69 | 216.95 | 368.64 | OK | |
r-devel-linux-x86_64-debian-gcc | 1.7.11 | 127.16 | 162.13 | 289.29 | OK | |
r-devel-linux-x86_64-fedora-clang | 1.7.11 | 462.67 | OK | |||
r-devel-linux-x86_64-fedora-gcc | 1.7.11 | 507.05 | OK | |||
r-devel-windows-x86_64 | 1.7.11 | 109.00 | 211.00 | 320.00 | OK | |
r-patched-linux-x86_64 | 1.7.11 | 150.46 | 210.36 | 360.82 | OK | |
r-release-linux-x86_64 | 1.7.11 | 133.60 | 209.58 | 343.18 | OK | |
r-release-macos-arm64 | 1.7.11 | 108.00 | NOTE | |||
r-release-macos-x86_64 | 1.7.11 | 244.00 | NOTE | |||
r-release-windows-x86_64 | 1.7.11 | 143.00 | 264.00 | 407.00 | OK | |
r-oldrel-macos-arm64 | 1.7.11 | 96.00 | NOTE | |||
r-oldrel-macos-x86_64 | 1.7.11 | 144.00 | NOTE | |||
r-oldrel-windows-x86_64 | 1.7.11 | 129.00 | 249.00 | 378.00 | OK |
Version: 1.7.11
Check: installed package size
Result: NOTE
installed size is 21.0Mb
sub-directories of 1Mb or more:
R 1.1Mb
libs 19.0Mb
Flavors: r-release-macos-arm64, r-release-macos-x86_64, r-oldrel-macos-arm64, r-oldrel-macos-x86_64