CRAN Package Check Results for Package catmap

Last updated on 2022-12-06 04:02:48 CET.

Flavor Version Tinstall Tcheck Ttotal Status Flags
r-devel-linux-x86_64-debian-clang 1.6.4 3.08 34.90 37.98 NOTE
r-devel-linux-x86_64-debian-gcc 1.6.4 2.35 26.86 29.21 NOTE
r-devel-linux-x86_64-fedora-clang 1.6.4 64.38 NOTE
r-devel-linux-x86_64-fedora-gcc 1.6.4 56.17 NOTE
r-devel-windows-x86_64 1.6.4 16.00 62.00 78.00 OK
r-patched-linux-x86_64 1.6.4 2.70 33.38 36.08 NOTE
r-release-linux-x86_64 1.6.4 2.68 33.80 36.48 NOTE
r-release-macos-arm64 1.6.4 19.00 OK
r-release-macos-x86_64 1.6.4 25.00 OK
r-release-windows-x86_64 1.6.4 8.00 62.00 70.00 OK
r-oldrel-macos-arm64 1.6.4 22.00 OK
r-oldrel-macos-x86_64 1.6.4 33.00 OK
r-oldrel-windows-ix86+x86_64 1.6.4 6.00 57.00 63.00 OK

Check Details

Version: 1.6.4
Check: for non-standard things in the check directory
Result: NOTE
    Found the following files/directories:
     'catmapdata.fixed.effects.plot.pdf' 'catmapdata.funnel.plot.pdf'
     'catmapdata.output.txt' 'catmapdata.random.effects.plot.pdf'
Flavors: r-devel-linux-x86_64-debian-clang, r-devel-linux-x86_64-debian-gcc, r-devel-linux-x86_64-fedora-clang, r-devel-linux-x86_64-fedora-gcc, r-patched-linux-x86_64, r-release-linux-x86_64