CRAN Package Check Results for Package cats

Last updated on 2023-03-29 04:51:06 CEST.

Flavor Version Tinstall Tcheck Ttotal Status Flags
r-devel-linux-x86_64-debian-clang 1.0.2 3.83 43.68 47.51 OK
r-devel-linux-x86_64-debian-gcc 1.0.2 3.27 32.55 35.82 OK
r-devel-linux-x86_64-fedora-clang 1.0.2 58.71 NOTE
r-devel-linux-x86_64-fedora-gcc 1.0.2 56.39 NOTE
r-devel-windows-x86_64 1.0.2 15.00 67.00 82.00 OK
r-patched-linux-x86_64 1.0.2 4.44 41.48 45.92 OK
r-release-linux-x86_64 1.0.2 3.03 42.74 45.77 OK
r-release-macos-arm64 1.0.2 21.00 NOTE
r-release-macos-x86_64 1.0.2 33.00 NOTE
r-release-windows-x86_64 1.0.2 14.00 69.00 83.00 OK
r-oldrel-macos-arm64 1.0.2 17.00 NOTE
r-oldrel-macos-x86_64 1.0.2 25.00 NOTE
r-oldrel-windows-ix86+x86_64 1.0.2 10.00 68.00 78.00 OK

Check Details

Version: 1.0.2
Check: dependencies in R code
Result: NOTE
    Namespaces in Imports field not imported from:
     ‘epitools’ ‘forcats’ ‘purrr’
     All declared Imports should be used.
Flavors: r-devel-linux-x86_64-fedora-clang, r-devel-linux-x86_64-fedora-gcc, r-release-macos-arm64, r-release-macos-x86_64, r-oldrel-macos-arm64, r-oldrel-macos-x86_64