CRAN Package Check Results for Package causaloptim

Last updated on 2022-12-05 03:54:56 CET.

Flavor Version Tinstall Tcheck Ttotal Status Flags
r-devel-linux-x86_64-debian-clang 0.9.2 33.21 122.28 155.49 OK
r-devel-linux-x86_64-debian-gcc 0.9.2 27.16 90.04 117.20 WARN
r-devel-linux-x86_64-fedora-clang 0.9.2 225.03 WARN
r-devel-linux-x86_64-fedora-gcc 0.9.2 205.58 OK
r-devel-windows-x86_64 0.9.2 75.00 179.00 254.00 OK
r-patched-linux-x86_64 0.9.2 33.95 118.07 152.02 OK
r-release-linux-x86_64 0.9.2 32.33 111.98 144.31 OK
r-release-macos-arm64 0.9.2 52.00 OK
r-release-macos-x86_64 0.9.2 106.00 OK
r-release-windows-x86_64 0.9.2 100.00 180.00 280.00 OK
r-oldrel-macos-arm64 0.9.2 44.00 OK
r-oldrel-macos-x86_64 0.9.2 71.00 OK
r-oldrel-windows-ix86+x86_64 0.9.2 90.00 217.00 307.00 OK

Check Details

Version: 0.9.2
Check: compiled code
Result: WARN
    File ‘causaloptim/libs/causaloptim.so’:
     Found ‘__sprintf_chk’, possibly from ‘sprintf’ (C)
     Objects: ‘CustomFormat.o’, ‘Equation.o’, ‘Optimization.o’,
     ‘Tableau.o’
    
    Compiled code should not call entry points which might terminate R nor
    write to stdout/stderr instead of to the console, nor use Fortran I/O
    nor system RNGs nor [v]sprintf.
    
    See ‘Writing portable packages’ in the ‘Writing R Extensions’ manual.
Flavor: r-devel-linux-x86_64-debian-gcc

Version: 0.9.2
Check: compiled code
Result: WARN
    File ‘causaloptim/libs/causaloptim.so’:
     Found ‘sprintf’, possibly from ‘sprintf’ (C)
     Objects: ‘CustomFormat.o’, ‘Equation.o’, ‘Optimization.o’,
     ‘Tableau.o’
    
    Compiled code should not call entry points which might terminate R nor
    write to stdout/stderr instead of to the console, nor use Fortran I/O
    nor system RNGs nor [v]sprintf.
    
    See ‘Writing portable packages’ in the ‘Writing R Extensions’ manual.
Flavor: r-devel-linux-x86_64-fedora-clang