CRAN Package Check Results for Package cdcatR

Last updated on 2022-09-29 04:58:10 CEST.

Flavor Version Tinstall Tcheck Ttotal Status Flags
r-devel-linux-x86_64-debian-clang 1.0.6 6.87 50.21 57.08 NOTE
r-devel-linux-x86_64-debian-gcc 1.0.6 4.87 37.36 42.23 NOTE
r-devel-linux-x86_64-fedora-clang 1.0.6 83.39 NOTE
r-devel-linux-x86_64-fedora-gcc 1.0.6 79.47 NOTE
r-devel-windows-x86_64 1.0.6 18.00 75.00 93.00 NOTE
r-patched-linux-x86_64 1.0.6 7.40 49.02 56.42 OK
r-release-linux-x86_64 1.0.6 5.47 48.20 53.67 OK
r-release-macos-arm64 1.0.6 25.00 OK
r-release-macos-x86_64 1.0.6 32.00 OK
r-release-windows-x86_64 1.0.6 13.00 72.00 85.00 OK
r-oldrel-macos-arm64 1.0.6 25.00 OK
r-oldrel-macos-x86_64 1.0.6 30.00 OK
r-oldrel-windows-ix86+x86_64 1.0.6 13.00 76.00 89.00 OK

Check Details

Version: 1.0.6
Check: package subdirectories
Result: NOTE
    Problems with news in 'NEWS.md':
    No news entries found.
Flavors: r-devel-linux-x86_64-debian-clang, r-devel-linux-x86_64-debian-gcc, r-devel-linux-x86_64-fedora-clang, r-devel-linux-x86_64-fedora-gcc, r-devel-windows-x86_64