CRAN Package Check Results for Package cdrcR

Last updated on 2022-12-10 03:57:26 CET.

Flavor Version Tinstall Tcheck Ttotal Status Flags
r-devel-linux-x86_64-debian-clang 0.0.1 4.00 33.28 37.28 OK
r-devel-linux-x86_64-debian-gcc 0.0.1 2.73 26.96 29.69 OK
r-devel-linux-x86_64-fedora-clang 0.0.1 58.54 NOTE
r-devel-linux-x86_64-fedora-gcc 0.0.1 55.27 NOTE
r-devel-windows-x86_64 0.0.1 10.00 67.00 77.00 OK
r-patched-linux-x86_64 0.0.1 3.62 31.07 34.69 OK
r-release-linux-x86_64 0.0.1 4.02 32.12 36.14 OK
r-release-macos-arm64 0.0.1 16.00 NOTE
r-release-macos-x86_64 0.0.1 33.00 NOTE
r-release-windows-x86_64 0.0.1 10.00 66.00 76.00 OK
r-oldrel-macos-arm64 0.0.1 27.00 NOTE
r-oldrel-macos-x86_64 0.0.1 25.00 NOTE
r-oldrel-windows-ix86+x86_64 0.0.1 10.00 58.00 68.00 OK

Check Details

Version: 0.0.1
Check: dependencies in R code
Result: NOTE
    Namespace in Imports field not imported from: ‘urltools’
     All declared Imports should be used.
Flavors: r-devel-linux-x86_64-fedora-clang, r-devel-linux-x86_64-fedora-gcc, r-release-macos-arm64, r-release-macos-x86_64, r-oldrel-macos-arm64, r-oldrel-macos-x86_64