CRAN Package Check Results for Package cellranger

Last updated on 2022-10-05 04:50:48 CEST.

Flavor Version Tinstall Tcheck Ttotal Status Flags
r-devel-linux-x86_64-debian-clang 1.1.0 3.28 34.58 37.86 NOTE
r-devel-linux-x86_64-debian-gcc 1.1.0 2.27 26.35 28.62 NOTE
r-devel-linux-x86_64-fedora-clang 1.1.0 60.09 NOTE
r-devel-linux-x86_64-fedora-gcc 1.1.0 54.19 NOTE
r-devel-windows-x86_64 1.1.0 31.00 69.00 100.00 NOTE
r-patched-linux-x86_64 1.1.0 3.58 33.54 37.12 NOTE
r-release-linux-x86_64 1.1.0 3.02 32.55 35.57 NOTE
r-release-macos-arm64 1.1.0 19.00 NOTE
r-release-macos-x86_64 1.1.0 27.00 NOTE
r-release-windows-x86_64 1.1.0 33.00 64.00 97.00 NOTE
r-oldrel-macos-arm64 1.1.0 25.00 NOTE
r-oldrel-macos-x86_64 1.1.0 33.00 NOTE
r-oldrel-windows-ix86+x86_64 1.1.0 6.00 58.00 64.00 NOTE

Check Details

Version: 1.1.0
Check: LazyData
Result: NOTE
     'LazyData' is specified without a 'data' directory
Flavors: r-devel-linux-x86_64-debian-clang, r-devel-linux-x86_64-debian-gcc, r-devel-linux-x86_64-fedora-clang, r-devel-linux-x86_64-fedora-gcc, r-devel-windows-x86_64, r-patched-linux-x86_64, r-release-linux-x86_64, r-release-macos-arm64, r-release-macos-x86_64, r-release-windows-x86_64, r-oldrel-macos-arm64, r-oldrel-macos-x86_64, r-oldrel-windows-ix86+x86_64