CRAN Package Check Results for Package censys

Last updated on 2022-08-19 05:01:33 CEST.

Flavor Version Tinstall Tcheck Ttotal Status Flags
r-devel-linux-x86_64-debian-clang 0.1.0 3.27 32.52 35.79 NOTE
r-devel-linux-x86_64-debian-gcc 0.1.0 2.53 25.45 27.98 NOTE
r-devel-linux-x86_64-fedora-clang 0.1.0 54.35 NOTE
r-devel-linux-x86_64-fedora-gcc 0.1.0 51.88 NOTE
r-devel-windows-x86_64 0.1.0 10.00 62.00 72.00 NOTE
r-patched-linux-x86_64 0.1.0 3.62 31.05 34.67 NOTE
r-release-linux-x86_64 0.1.0 NOTE
r-release-macos-arm64 0.1.0 16.00 NOTE
r-release-macos-x86_64 0.1.0 25.00 NOTE
r-release-windows-x86_64 0.1.0 18.00 56.00 74.00 NOTE
r-oldrel-macos-arm64 0.1.0 21.00 NOTE
r-oldrel-macos-x86_64 0.1.0 30.00 NOTE
r-oldrel-windows-ix86+x86_64 0.1.0 7.00 54.00 61.00 NOTE

Check Details

Version: 0.1.0
Check: LazyData
Result: NOTE
     'LazyData' is specified without a 'data' directory
Flavors: r-devel-linux-x86_64-debian-clang, r-devel-linux-x86_64-debian-gcc, r-devel-linux-x86_64-fedora-clang, r-devel-linux-x86_64-fedora-gcc, r-devel-windows-x86_64, r-patched-linux-x86_64, r-release-linux-x86_64, r-release-macos-arm64, r-release-macos-x86_64, r-release-windows-x86_64, r-oldrel-macos-arm64, r-oldrel-macos-x86_64, r-oldrel-windows-ix86+x86_64