CRAN Package Check Results for Package chronicle

Last updated on 2022-10-05 04:50:48 CEST.

Flavor Version Tinstall Tcheck Ttotal Status Flags
r-devel-linux-x86_64-debian-clang 0.3 4.73 72.53 77.26 OK
r-devel-linux-x86_64-debian-gcc 0.3 4.02 53.11 57.13 OK
r-devel-linux-x86_64-fedora-clang 0.3 113.84 NOTE
r-devel-linux-x86_64-fedora-gcc 0.3 105.43 NOTE
r-devel-windows-x86_64 0.3 31.00 104.00 135.00 OK
r-patched-linux-x86_64 0.3 5.90 65.92 71.82 OK
r-release-linux-x86_64 0.3 4.34 65.34 69.68 OK
r-release-macos-arm64 0.3 32.00 NOTE
r-release-macos-x86_64 0.3 51.00 NOTE
r-release-windows-x86_64 0.3 21.00 101.00 122.00 OK
r-oldrel-macos-arm64 0.3 32.00 NOTE
r-oldrel-macos-x86_64 0.3 51.00 NOTE
r-oldrel-windows-ix86+x86_64 0.3 14.00 96.00 110.00 OK

Check Details

Version: 0.3
Check: dependencies in R code
Result: NOTE
    Namespaces in Imports field not imported from:
     ‘DT’ ‘dplyr’ ‘prettydoc’ ‘rmdformats’ ‘skimr’
     All declared Imports should be used.
Flavors: r-devel-linux-x86_64-fedora-clang, r-devel-linux-x86_64-fedora-gcc, r-release-macos-arm64, r-release-macos-x86_64, r-oldrel-macos-arm64, r-oldrel-macos-x86_64