CRAN Package Check Results for Package citationchaser

Last updated on 2023-01-31 04:06:14 CET.

Flavor Version Tinstall Tcheck Ttotal Status Flags
r-devel-linux-x86_64-debian-clang 0.0.4 13.54 107.35 120.89 OK
r-devel-linux-x86_64-debian-gcc 0.0.4 10.40 76.95 87.35 OK
r-devel-linux-x86_64-fedora-clang 0.0.4 155.94 NOTE
r-devel-linux-x86_64-fedora-gcc 0.0.4 155.31 NOTE
r-devel-windows-x86_64 0.0.4 505.00 128.00 633.00 OK
r-patched-linux-x86_64 0.0.4 10.52 105.13 115.65 OK
r-release-linux-x86_64 0.0.4 14.10 107.31 121.41 OK
r-release-macos-arm64 0.0.4 44.00 NOTE
r-release-macos-x86_64 0.0.4 72.00 NOTE
r-release-windows-x86_64 0.0.4 237.00 140.00 377.00 OK
r-oldrel-macos-arm64 0.0.4 29.00 NOTE
r-oldrel-macos-x86_64 0.0.4 57.00 NOTE
r-oldrel-windows-ix86+x86_64 0.0.4 33.00 128.00 161.00 OK

Check Details

Version: 0.0.4
Check: dependencies in R code
Result: NOTE
    Namespace in Imports field not imported from: ‘networkD3’
     All declared Imports should be used.
Flavors: r-devel-linux-x86_64-fedora-clang, r-devel-linux-x86_64-fedora-gcc, r-release-macos-arm64, r-release-macos-x86_64, r-oldrel-macos-arm64, r-oldrel-macos-x86_64