CRAN Package Check Results for Package cities

Last updated on 2024-02-24 03:52:30 CET.

Flavor Version Tinstall Tcheck Ttotal Status Flags
r-devel-linux-x86_64-debian-clang 0.1.3 9.17 305.31 314.48 NOTE
r-devel-linux-x86_64-debian-gcc 0.1.3 6.18 229.07 235.25 NOTE
r-devel-linux-x86_64-fedora-clang 0.1.3 380.49 OK
r-devel-linux-x86_64-fedora-gcc 0.1.3 404.97 OK
r-devel-windows-x86_64 0.1.3 9.00 221.00 230.00 OK
r-patched-linux-x86_64 0.1.3 5.85 300.26 306.11 OK
r-release-linux-x86_64 0.1.3 6.41 298.70 305.11 OK
r-release-macos-arm64 0.1.3 120.00 OK
r-release-macos-x86_64 0.1.3 269.00 OK
r-release-windows-x86_64 0.1.3 9.00 301.00 310.00 OK
r-oldrel-macos-arm64 0.1.3 108.00 OK
r-oldrel-windows-x86_64 0.1.3 11.00 299.00 310.00 OK

Check Details

Version: 0.1.3
Check: Rd files
Result: NOTE checkRd: (-1) data_generator.Rd:93: Lost braces; missing escapes or markup? 93 | \item{estimand_mean}{List of means of the FULL, S_{++}, S_{*+} and | ^ checkRd: (-1) data_generator.Rd:93: Lost braces; missing escapes or markup? 93 | \item{estimand_mean}{List of means of the FULL, S_{++}, S_{*+} and | ^ checkRd: (-1) data_generator.Rd:95: Lost braces; missing escapes or markup? 95 | \item{estimand_sd}{List of standard deviations of the FULL, S_{++}, S_{*+} | ^ checkRd: (-1) data_generator.Rd:95: Lost braces; missing escapes or markup? 95 | \item{estimand_sd}{List of standard deviations of the FULL, S_{++}, S_{*+} | ^ checkRd: (-1) data_generator_loop.Rd:96: Lost braces; missing escapes or markup? 96 | \item{estimand_mean}{List of means of the FULL, S_{++}, S_{*+} and | ^ checkRd: (-1) data_generator_loop.Rd:96: Lost braces; missing escapes or markup? 96 | \item{estimand_mean}{List of means of the FULL, S_{++}, S_{*+} and | ^ checkRd: (-1) data_generator_loop.Rd:98: Lost braces; missing escapes or markup? 98 | \item{estimand_sd}{List of standard deviations of the FULL, S_{++}, | ^ checkRd: (-1) data_generator_loop.Rd:99: Lost braces; missing escapes or markup? 99 | S_{*+} and PP estimands} | ^ Flavors: r-devel-linux-x86_64-debian-clang, r-devel-linux-x86_64-debian-gcc