Last updated on 2023-03-21 03:54:17 CET.
Flavor | Version | Tinstall | Tcheck | Ttotal | Status | Flags |
---|---|---|---|---|---|---|
r-devel-linux-x86_64-debian-clang | 1.0.1 | NOTE | ||||
r-devel-linux-x86_64-debian-gcc | 1.0.1 | 1.89 | 27.59 | 29.48 | NOTE | |
r-devel-linux-x86_64-fedora-clang | 1.0.1 | 49.77 | NOTE | |||
r-devel-linux-x86_64-fedora-gcc | 1.0.1 | 57.69 | NOTE | |||
r-devel-windows-x86_64 | 1.0.1 | 17.00 | 71.00 | 88.00 | NOTE | |
r-patched-linux-x86_64 | 1.0.1 | 3.55 | 33.61 | 37.16 | NOTE | |
r-release-linux-x86_64 | 1.0.1 | 2.52 | 34.48 | 37.00 | NOTE | |
r-release-macos-arm64 | 1.0.1 | 20.00 | NOTE | |||
r-release-macos-x86_64 | 1.0.1 | 31.00 | NOTE | |||
r-release-windows-x86_64 | 1.0.1 | 17.00 | 75.00 | 92.00 | NOTE | |
r-oldrel-macos-arm64 | 1.0.1 | 21.00 | NOTE | |||
r-oldrel-macos-x86_64 | 1.0.1 | 34.00 | NOTE | |||
r-oldrel-windows-ix86+x86_64 | 1.0.1 | 7.00 | 62.00 | 69.00 | NOTE |
Version: 1.0.1
Check: LazyData
Result: NOTE
'LazyData' is specified without a 'data' directory
Flavors: r-devel-linux-x86_64-debian-clang, r-devel-linux-x86_64-debian-gcc, r-devel-linux-x86_64-fedora-clang, r-devel-linux-x86_64-fedora-gcc, r-devel-windows-x86_64, r-patched-linux-x86_64, r-release-linux-x86_64, r-release-macos-arm64, r-release-macos-x86_64, r-release-windows-x86_64, r-oldrel-macos-arm64, r-oldrel-macos-x86_64, r-oldrel-windows-ix86+x86_64