CRAN Package Check Results for Package cjoint

Last updated on 2022-08-07 04:53:33 CEST.

Flavor Version Tinstall Tcheck Ttotal Status Flags
r-devel-linux-x86_64-debian-clang 2.1.0 18.48 166.80 185.28 OK
r-devel-linux-x86_64-debian-gcc 2.1.0 14.55 120.17 134.72 OK
r-devel-linux-x86_64-fedora-clang 2.1.0 223.69 NOTE
r-devel-linux-x86_64-fedora-gcc 2.1.0 222.79 NOTE
r-devel-windows-x86_64 2.1.0 26.00 232.00 258.00 OK
r-patched-linux-x86_64 2.1.0 19.15 152.46 171.61 OK
r-release-linux-x86_64 2.1.0 16.90 156.41 173.31 OK
r-release-macos-arm64 2.1.0 60.00 NOTE
r-release-macos-x86_64 2.1.0 121.00 NOTE
r-release-windows-x86_64 2.1.0 23.00 184.00 207.00 OK
r-oldrel-macos-arm64 2.1.0 70.00 NOTE
r-oldrel-macos-x86_64 2.1.0 149.00 NOTE
r-oldrel-windows-ix86+x86_64 2.1.0 35.00 182.00 217.00 OK

Check Details

Version: 2.1.0
Check: dependencies in R code
Result: NOTE
    Namespace in Imports field not imported from: ‘shinyBS’
     All declared Imports should be used.
Flavors: r-devel-linux-x86_64-fedora-clang, r-devel-linux-x86_64-fedora-gcc, r-release-macos-arm64, r-release-macos-x86_64, r-oldrel-macos-arm64, r-oldrel-macos-x86_64

Version: 2.1.0
Check: data for non-ASCII characters
Result: NOTE
     Note: found 29 marked UTF-8 strings
Flavors: r-devel-linux-x86_64-fedora-clang, r-devel-linux-x86_64-fedora-gcc, r-release-macos-arm64, r-release-macos-x86_64, r-oldrel-macos-arm64, r-oldrel-macos-x86_64