Last updated on 2023-01-27 03:53:42 CET.
Flavor | Version | Tinstall | Tcheck | Ttotal | Status | Flags |
---|---|---|---|---|---|---|
r-devel-linux-x86_64-debian-clang | 0.1.1 | 28.32 | 78.45 | 106.77 | NOTE | |
r-devel-linux-x86_64-debian-gcc | 0.1.1 | 22.95 | 59.71 | 82.66 | NOTE | |
r-devel-linux-x86_64-fedora-clang | 0.1.1 | 138.69 | NOTE | |||
r-devel-linux-x86_64-fedora-gcc | 0.1.1 | 140.27 | NOTE | |||
r-devel-windows-x86_64 | 0.1.1 | 39.00 | 123.00 | 162.00 | NOTE | |
r-patched-linux-x86_64 | 0.1.1 | 24.83 | 74.55 | 99.38 | NOTE | |
r-release-linux-x86_64 | 0.1.1 | 28.22 | 75.59 | 103.81 | NOTE | |
r-release-macos-arm64 | 0.1.1 | 36.00 | NOTE | |||
r-release-macos-x86_64 | 0.1.1 | 53.00 | NOTE | |||
r-release-windows-x86_64 | 0.1.1 | 145.00 | 129.00 | 274.00 | NOTE | |
r-oldrel-macos-arm64 | 0.1.1 | 44.00 | NOTE | |||
r-oldrel-macos-x86_64 | 0.1.1 | 86.00 | NOTE | |||
r-oldrel-windows-ix86+x86_64 | 0.1.1 | 70.00 | 144.00 | 214.00 | NOTE |
Version: 0.1.1
Check: LazyData
Result: NOTE
'LazyData' is specified without a 'data' directory
Flavors: r-devel-linux-x86_64-debian-clang, r-devel-linux-x86_64-debian-gcc, r-devel-linux-x86_64-fedora-clang, r-devel-linux-x86_64-fedora-gcc, r-devel-windows-x86_64, r-patched-linux-x86_64, r-release-linux-x86_64, r-release-macos-arm64, r-release-macos-x86_64, r-release-windows-x86_64, r-oldrel-macos-arm64, r-oldrel-macos-x86_64, r-oldrel-windows-ix86+x86_64