Last updated on 2023-10-02 05:06:34 CEST.
Flavor | Version | Tinstall | Tcheck | Ttotal | Status | Flags |
---|---|---|---|---|---|---|
r-devel-linux-x86_64-debian-clang | 1.0-8 | 32.87 | 228.14 | 261.01 | NOTE | |
r-devel-linux-x86_64-debian-gcc | 1.0-8 | 24.96 | 172.54 | 197.50 | NOTE | |
r-devel-linux-x86_64-fedora-clang | 1.0-8 | 324.94 | NOTE | |||
r-devel-linux-x86_64-fedora-gcc | 1.0-8 | 339.22 | NOTE | |||
r-devel-windows-x86_64 | 1.0-8 | 27.00 | 214.00 | 241.00 | NOTE | |
r-patched-linux-x86_64 | 1.0-8 | 29.36 | 245.18 | 274.54 | NOTE | |
r-release-linux-x86_64 | 1.0-8 | 30.39 | 249.36 | 279.75 | NOTE | |
r-release-macos-arm64 | 1.0-8 | 102.00 | NOTE | |||
r-release-macos-x86_64 | 1.0-8 | 183.00 | NOTE | |||
r-release-windows-x86_64 | 1.0-8 | 35.00 | 293.00 | 328.00 | NOTE | |
r-oldrel-macos-arm64 | 1.0-8 | 104.00 | OK | |||
r-oldrel-macos-x86_64 | 1.0-8 | 142.00 | OK | |||
r-oldrel-windows-x86_64 | 1.0-8 | 33.00 | 332.00 | 365.00 | OK |
Version: 1.0-8
Check: C++ specification
Result: NOTE
Specified C++11: please drop specification unless essential
Flavors: r-devel-linux-x86_64-debian-clang, r-devel-linux-x86_64-debian-gcc, r-devel-linux-x86_64-fedora-clang, r-devel-linux-x86_64-fedora-gcc, r-devel-windows-x86_64, r-patched-linux-x86_64, r-release-linux-x86_64, r-release-macos-arm64, r-release-macos-x86_64, r-release-windows-x86_64