CRAN Package Check Results for Package clusterGeneration

Last updated on 2022-09-27 04:50:27 CEST.

Flavor Version Tinstall Tcheck Ttotal Status Flags
r-devel-linux-x86_64-debian-clang 1.3.7 5.60 41.20 46.80 NOTE
r-devel-linux-x86_64-debian-gcc 1.3.7 4.78 31.57 36.35 NOTE
r-devel-linux-x86_64-fedora-clang 1.3.7 73.64 NOTE
r-devel-linux-x86_64-fedora-gcc 1.3.7 66.03 NOTE
r-devel-windows-x86_64 1.3.7 128.00 67.00 195.00 NOTE
r-patched-linux-x86_64 1.3.7 7.00 39.30 46.30 OK
r-release-linux-x86_64 1.3.7 4.42 39.25 43.67 OK
r-release-macos-arm64 1.3.7 20.00 OK
r-release-macos-x86_64 1.3.7 27.00 OK
r-release-windows-x86_64 1.3.7 113.00 65.00 178.00 OK
r-oldrel-macos-arm64 1.3.7 24.00 OK
r-oldrel-macos-x86_64 1.3.7 40.00 OK
r-oldrel-windows-ix86+x86_64 1.3.7 12.00 60.00 72.00 OK

Check Details

Version: 1.3.7
Check: Rd files
Result: NOTE
    checkRd: (-1) genRandomClust.Rd:228: Escaped LaTeX specials: \_
    checkRd: (-1) genRandomClust.Rd:259: Escaped LaTeX specials: \_
    checkRd: (-1) genRandomClust.Rd:327: Escaped LaTeX specials: \_
    checkRd: (-1) plot1DProjection.Rd:95: Escaped LaTeX specials: \_ \_
    checkRd: (-1) plot2DProjection.Rd:117: Escaped LaTeX specials: \_ \_
    checkRd: (-1) simClustDesign.Rd:235: Escaped LaTeX specials: \_
    checkRd: (-1) simClustDesign.Rd:268: Escaped LaTeX specials: \_
    checkRd: (-1) simClustDesign.Rd:331: Escaped LaTeX specials: \_
Flavors: r-devel-linux-x86_64-debian-clang, r-devel-linux-x86_64-debian-gcc, r-devel-linux-x86_64-fedora-clang, r-devel-linux-x86_64-fedora-gcc, r-devel-windows-x86_64