CRAN Package Check Results for Package cmhc

Last updated on 2023-03-27 04:53:09 CEST.

Flavor Version Tinstall Tcheck Ttotal Status Flags
r-devel-linux-x86_64-debian-clang 0.2.4 6.11 62.01 68.12 ERROR
r-devel-linux-x86_64-debian-gcc 0.2.4 5.07 46.71 51.78 ERROR
r-devel-linux-x86_64-fedora-gcc 0.2.4 95.16 ERROR
r-patched-linux-x86_64 0.2.4 5.28 57.41 62.69 ERROR
r-release-linux-x86_64 0.2.4 5.95 73.06 79.01 OK
r-release-macos-arm64 0.2.4 54.00 OK
r-release-macos-x86_64 0.2.4 69.00 OK
r-release-windows-x86_64 0.2.4 23.00 131.00 154.00 ERROR
r-oldrel-macos-arm64 0.2.4 56.00 OK
r-oldrel-macos-x86_64 0.2.4 72.00 OK
r-oldrel-windows-ix86+x86_64 0.2.4 15.00 123.00 138.00 NOTE

Check Details

Version: 0.2.4
Check: re-building of vignette outputs
Result: ERROR
    Error(s) in re-building vignettes:
     ...
    --- re-building ‘basic_usage.Rmd’ using rmarkdown
    --- finished re-building ‘basic_usage.Rmd’
    
    --- re-building ‘rental_universe.Rmd’ using rmarkdown
    Quitting from lines 37-62 (rental_universe.Rmd)
    Error: processing vignette ‘rental_universe.Rmd’ failed with diagnostics:
    ℹ In argument: `!is.na(`Census Subdivision`)`.
    Caused by error:
    ! object ‘Census Subdivision’ not found
    --- failed re-building ‘rental_universe.Rmd’
    
    SUMMARY: processing the following file failed:
     ‘rental_universe.Rmd’
    
    Error: Vignette re-building failed.
    Execution halted
Flavors: r-devel-linux-x86_64-debian-clang, r-devel-linux-x86_64-debian-gcc, r-patched-linux-x86_64

Version: 0.2.4
Check: data for non-ASCII characters
Result: NOTE
     Note: found 4622 marked UTF-8 strings
Flavor: r-devel-linux-x86_64-fedora-gcc

Version: 0.2.4
Check: re-building of vignette outputs
Result: ERROR
    Error(s) in re-building vignettes:
    --- re-building ‘basic_usage.Rmd’ using rmarkdown
    --- finished re-building ‘basic_usage.Rmd’
    
    --- re-building ‘rental_universe.Rmd’ using rmarkdown
    Quitting from lines 37-62 (rental_universe.Rmd)
    Error: processing vignette 'rental_universe.Rmd' failed with diagnostics:
    ℹ In argument: `!is.na(`Census Subdivision`)`.
    Caused by error:
    ! object 'Census Subdivision' not found
    --- failed re-building ‘rental_universe.Rmd’
    
    SUMMARY: processing the following file failed:
     ‘rental_universe.Rmd’
    
    Error: Vignette re-building failed.
    Execution halted
Flavors: r-devel-linux-x86_64-fedora-gcc, r-release-windows-x86_64

Version: 0.2.4
Check: dependencies in R code
Result: NOTE
    Initiating curl with CURL_SSL_BACKEND: openssl
Flavor: r-oldrel-windows-ix86+x86_64