CRAN Package Check Results for Package cmprsk

Last updated on 2022-08-12 04:53:20 CEST.

Flavor Version Tinstall Tcheck Ttotal Status Flags
r-devel-linux-x86_64-debian-clang 2.2-11 7.68 71.97 79.65 NOTE
r-devel-linux-x86_64-debian-gcc 2.2-11 8.33 54.15 62.48 NOTE
r-devel-linux-x86_64-fedora-clang 2.2-11 106.09 NOTE
r-devel-linux-x86_64-fedora-gcc 2.2-11 105.10 NOTE
r-devel-windows-x86_64 2.2-11 17.00 91.00 108.00 NOTE
r-patched-linux-x86_64 2.2-11 10.60 66.75 77.35 OK
r-release-linux-x86_64 2.2-11 10.22 68.64 78.86 OK
r-release-macos-arm64 2.2-11 34.00 OK
r-release-macos-x86_64 2.2-11 46.00 OK
r-release-windows-x86_64 2.2-11 21.00 90.00 111.00 OK
r-oldrel-macos-arm64 2.2-11 32.00 OK
r-oldrel-macos-x86_64 2.2-11 51.00 OK
r-oldrel-windows-ix86+x86_64 2.2-11 25.00 112.00 137.00 OK

Check Details

Version: 2.2-11
Check: Rd files
Result: NOTE
    checkRd: (-1) plot.predict.crr.Rd:18: Escaped LaTeX specials: \#
    checkRd: (-1) plot.predict.crr.Rd:22: Escaped LaTeX specials: \#
Flavors: r-devel-linux-x86_64-debian-clang, r-devel-linux-x86_64-debian-gcc, r-devel-linux-x86_64-fedora-clang, r-devel-linux-x86_64-fedora-gcc, r-devel-windows-x86_64

Version: 2.2-11
Check: compiled code
Result: NOTE
    File ‘cmprsk/libs/cmprsk.so’:
     Found no calls to: ‘R_registerRoutines’, ‘R_useDynamicSymbols’
    
    It is good practice to register native routines and to disable symbol
    search.
    
    See ‘Writing portable packages’ in the ‘Writing R Extensions’ manual.
Flavors: r-devel-linux-x86_64-fedora-clang, r-devel-linux-x86_64-fedora-gcc